late -1 + -4 + (3 - (1 - 1)).
-2
(4 - 4) + 3 - (0 - 2)
5
What is (0 - 7) + 5 - 2?
-4
Calculate 10 + -6 + (-3 - 0).
1
Evaluate (3 - 2) + -2 + 3.
2
Calculate -8 + (2 - ((-10 - -6) + 0)).
-2
3 + 0 + -2 + 2 + 0
3
What is -17 + (-1 - (-4 - (9 - 4)))?
-9
What is (3 - (5 - -7)) + (3 - -1)?
-5
-5 + (1 - 1 - -4)
-1
What is the value of -11 - (-16 - -7) - 0?
-2
Evaluate -3 - -4 - (2 - -3).
-4
10 + (4 - 18) + -3
-7
What is 6 + (0 + 3 - (-4 - -6))?
7
Evaluate (4 - 3) + -6 - (-3 + 2).
-4
Calculate 0 + (-2 - -4) + (-3 - 1).
-2
Evaluate 0 - (2 + (-14 - -3)).
9
-3 + -1 + (18 - 19)
-5
Evaluate -3 + 4 + -3 + 0.
-2
What is 24 - 22 - (1 - 1 - -7)?
-5
Calculate -3 + (-10 - (-5 + -2)).
-6
Evaluate -6 - (3 - -2) - -7.
-4
Calculate 0 + 5 - (8 + (-17 - -12)).
2
What is (-5 - -7) + 5 + -6?
1
What is (-19 - -21) + -7 + 0 + 0?
-5
What is 0 + 3 + -6 + 5 + 2?
4
What is 5 - (3 + 1 + 2)?
-1
Calculate (2 - -7 - (-9 - -14)) + -1.
3
(-4 - (-2 + -2)) + 0 - -4
4
What is the value of 2 - (-1 - (-5 + 7))?
5
What is -5 - (-1 + 3 - (8 + -6))?
-5
What is the value of (-16 - -13) + (1 - -1)?
-1
(7 - 6) + 4 - 7 - -2
0
Calculate 3 - 2 - ((-3 - -3) + 5).
-4
1 - 2 - (-23 - -19)
3
-5 - (-2 - (7 + -4 + -4))
-4
What is the value of 6 - 14 - -6 - (-1 + -2)?
1
What is the value of (-2 + 3 - -2) + -9?
-6
What is -3 + -4 - -2 - (-12 - -8)?
-1
What is -3 - -4 - 1 - (-1 + -6)?
7
Calculate 0 - (-5 - 1) - 12.
-6
Calculate -2 - 7 - (-4 + 4 - 5).
-4
(16 - (-3 - -10)) + -8
1
Evaluate -8 + -1 + -47 + 58.
2
What is the value of 7 + -5 + 0 - 3?
-1
What is -10 - ((1 - -1) + 1 + -6)?
-7
What is -24 - -24 - (-1 + (-1 - -1))?
1
What is the value of 0 - (4 + (-2 - (-2 + 0)))?
-4
What is -2 + -3 + (2 - -4)?
1
What is the value of 2 - 11 - (-2 - 1)?
-6
Calculate 0 + (-1 - -3 - 0).
2
-2 + (-1 - -2) + (2 - 5)
-4
What is the value of -16 + 5 + -12 + 21?
-2
What is 4 - 5 - -3 - (2 + 5)?
-5
(2 - 2) + 1 + -64 + 67
4
-3 - ((-11 - -1) + 1 - -1)
5
-3 + -8 + 3 + 5
-3
5 - (0 - (1 + -6))
0
(26 - 28) + (0 - -6)
4
Evaluate (2 - -2) + -5 - -2.
1
What is (1 - 5 - (3 - 6)) + -1?
-2
What is -8 + 1 + -8 + 15?
0
Evaluate -1 - 0 - (5 - 5) - -10.
9
What is the value of 3 - (-6 + 7 + -4)?
6
Evaluate -8 + 3 + 0 + 0.
-5
What is the value of -1 + 2 - (1 - 3)?
3
What is the value of (3 - (4 + 3)) + -1?
-5
What is the value of (-3 - -1) + (-17 - -13) + -1?
-7
(1 - -3) + 5 + -8
1
What is the value of -3 + 0 + (-9 - -9)?
-3
What is the value of -9 + (-2 - 1 - (-7 - -1))?
-6
Calculate 10 - (9 - 0) - -1.
2
What is the value of -1 + 6 + 1 + (2 - 3)?
5
What is -7 + (-7 + 0 - -11)?
-3
What is 0 - 8 - -4 - (-17 + 7)?
6
7 + -7 + (-2 - -5)
3
What is (1 - -2) + (-3 + 3 - 2)?
1
What is the value of (-2 - 0) + (9 - 11)?
-4
What is (-8 - (-4 - -4)) + 3?
-5
(4 + -6 - 4) + 4
-2
Evaluate (2 - 0 - -2) + -2.
2
Evaluate 0 + (2 - (5 - 9)).
6
-3 + -14 + 8 + (-3 - -2)
-10
What is -3 + -5 + 6 - -7?
5
Calculate 9 + 11 + -13 + -4.
3
Calculate 7 + -4 + 2 + -3 + 2.
4
What is 4 - (13 + (-4 - 2))?
-3
What is (3 - 1) + 18 + -20?
0
What is the value of -2 + 4 - (0 + 1 + -2)?
3
What is the value of -4 + (2 - (1 + -3))?
0
What is 9 + -3 + (-3 - -2)?
5
What is the value of -1 + (-3 - -1) + -1 - -8?
4
13 + -9 - (-1 + 2 + 0)
3
What is the value of (-16 - 1) + (42 - 32)?
-7
Calculate -3 + -2 + (-1 - -8).
2
0 + 0 - 0 - 3
-3
Calculate (1 - 3) + (6 + -6 - 1).
-3
Evaluate 15 - (16 + -11) - (4 - -2).
4
3 + (0 - (5 + 2))
-4
What is the value of -14 + 17 + -1 + 1?
3
Calculate 3 - -2 - 7 - -9.
7
What is the value of -4 - ((4 - 7) + 6) - -1?
-6
(59 - 70) + (0 - (2 - 7))
-6
What is -2 + (4 - 0 - 6)?
-4
Evaluate 4 - (-6 + 5) - 4.
1
-4 + 0 - 0 - (1 - 0)
-5
Calculate 3 + 0 - (-9 - -8).
4
-4 - -3 - (-13 + 11)
1
-2 - (1 + (-1 - (6 - 3)))
1
Calculate 2 + 1 + -5 + -5 + 8.
1
What is -6 - (1 + (-6 - -3))?
-4
What is (-6 - -6) + (-7 - -11)?
4
What is (-10 - (-2 + -1 + -2)) + -1?
-6
-4 + 2 + -3 + 2
-3
Calculate 57 + -61 + (2 - (-4 + 1)).
1
What is -9 + 3 + (4 - 3)?
-5
Calculate -3 + 2 - 3 - -3.
-1
Evaluate (-1 - (-4 - -1)) + -4 + 2.
0
Evaluate -4 + -2 + 3 - (7 + -6).
-4
What is the value of 7 + (3 - (2 - -5))?
3
Evaluate -10 + (-2 - 7 - -12).
-7
9 - (6 + -4 - -3) - 2
2
Evaluate -2 - (10 - 8 - 1).
-3
What is -3 + (0 - (7 + -3))?
-7
4 - (6 + -6) - 10
-6
Calculate (1 - (7 + (-12 - -6))) + 1.
1
(-3 + 10 - 7) + 0
0
What is the value of 0 + (-5 - -3 - -2)?
0
Calculate 5 + -3 - (-2 - -1).
3
0 + -7 - -14 - 1
6
Calculate -19 - (-9 - -7 - 7).
-10
Calculate 1 + 7 + -9 - (3 - -1).
-5
What is the value of 7 + 2 - 8 - 5?
-4
What is the value of 0 - (-2 + 3 + -3 - 4)?
6
Evaluate -4 + 7 + 0 - 1.
2
2 - (-1 - (-3 + 5))
5
What is the value of -12 - (6 + (2 - (5 - -8)))?
-7
Evaluate 2 - (5 - (4 + -7)).
-6
Evaluate (-4 - -1) + (1 - -9) + -5.
2
What is the value of -1 + 4 + 1 + -3 + -1?
0
Evaluate 5 - 3 - (-14 - -8).
8
Calculate 1 + 0 + 1 + 4 + -4.
2
0 - 3 - (-11 + 4)
4
Evaluate (5 - (-6 + 2 + 4)) + 2.
7
Calculate 4 + 0 - 7 - -8.
5
What is the value of 1 + -2 + 31 + -23?
7
What is -19 + 21 - (3 - 0)?
-1
What is 9 - (-2 + (13 - 5))?
3
What is 1 - 7 - (-2 - 0)?
-4
Calculate -7 + 4 + 6 + -6.
-3
What is -6 + 7 + -5 - -9?
5
-6 - (3 - 6 - (-1 + -1))
-5
(14 - 14) + (0 - 2)
-2
What is the value of -1 - (-5 + -1 + 10)?
-5
Calculate 4 - (1 - (-4 + 0)).
-1
What is (-7 - (-1 - 2)) + 9 + -9?
-4
What is the value of 2 - 2 - (-1 + 6 + -1)?
-4
What is the value of -3 - (12 + -3 + 2 + -5)?
-9
What is (1 - 1) + 4 - (-12 + 18)?
-2
11 + 13 + (-35 - -12)
1
What is the value of (1 - (-2 + 1)) + 20 + -28?
-6
What is 11 - 8 - (-2 + 6)?
-1
Calculate -2 + -2 + -1 + 0 + 3.
-2
-3 - ((1 - 1) + -4)
1
Calculate (-3 - 2) + 15 + -13 + -3.
-6
What is the value of -10 + 4 - (-14 + 14)?
-6
What is the value of 2 - ((6 - 5) + 6)?
-5
Evaluate -1 + (-3 - 2 - 7) + 6.
-7
What is the value of 1 - (-9 - -4 - 2)?
8
Evaluate -1 + (7 - (-3 - -15)) - -4.
-2
What is -2 + 5 - (-5 + -3 - -11)?
0
1 - (-1 + 0 + 4)
-2
-5 + 1 + (4 - 6) + 0
-6
What is (4 - (-8 + 7) - 4) + 3?
4
Evaluate -1 - -3 - (-1 + 7).
-4
(-9 - -5) + (6 - 2) - -5
5
Calculate 2 + (7 - (16 + -5)).
-2
Evaluate 2 + -9 + (10 - 1).
2
What is 9 + (3 - 9) + -3?
0
Evaluate -57 + 60 - (2 - 1).
2
What is -3 + -1 + 3 + (-8 - -8)?
-1
Calculate (-2 - (5 + 5 + -7)) + 8.
3
Calculate -2 - (6 - 3 - 0).
-5
What is the value of 0 - 3 - (12 - 18)?
3
-6 - (-3 - (-1 + 1))
-3
Evaluate -10 + 0 - (-124 + 120).
-6
Evaluate (0 - -2) + (-7 - -1).
-4
What is (5 - 8) + (1 - -3)?
1
What is the value of -2 + 7 + -11 - -1?
-5
What is the value of 3 - (6 - -10 - 12)?
-1
0 + (14 + -6 - 10)
-2
Calculate -4 - 3 - -3 - -8.
4
What is the value of -3 + (-1 - -1 - -5)?
2
What is 0 + 2 + (-6 - -2) - 2?
-4
Calculate 3 - (-9 + 8) - (0 - -2).
2
Evaluate -1 + 9 + -2 + -1.
5
Evaluate 1 - 2 - (-2 + 0 + 3).
-2
2 + (0 - -1 - (-1 + -1))
5
Calculate (14 + 1 - 2) + -9.
4
Calculate 1 - (-39 + 33 + (-1 - -7)).
1
Evaluate -9 + 11 + (-10 - -5).
-3
Calculate 3 - (-3 + 5 + -2 - 1).
4
What is 9 - (-4 + 6 + -3 - -4)?
6
What is the value of (0 - (10 + -9)) + 2?
1
Calculate -4 + 5 + (-1 - -4 - 5).
-1
Evaluate (4 - (7 + 6)) + 3 + -1.
-7
Calculate (-8 - (1 + 3 + -8)) + 9.
5
What is -1 + (-5 - (-6 - -3))?
-3
6 + (-1 - (4 + -5))
6
What is -8 + 19 + -11 + (5 - 0)?
5
What is the value of 2 - ((-7 - -4) + 2)?
3
Evaluate -2 + 4 - (-5 + 3).
4
What is the value of (9 - 17) + 3 + 2?
-3
-3 - (-3 + (-2 - -4))
-2
Evaluate 2 - (-1 - (-1 + -2) - 3).
3
What is the value of -12 + -3 + 5 + (4 - 4)?
-10
What is 10 + 0 + (-9 - 8)?
-7
What is -1 - (-3 + 1 - 1)?
2
What is -1 - (6 - 8) - 2?
-1
What is -7 + (-3 - -5) + 1?
-4
What is the value of 16 + -7 + (5 - 4) + -3?
7
What is 2 + (-1 - (0 - (4 + -4)))?
1
What is the value of 7 - (5 - -9 - 7)?
0
Evaluate -4 + (1 - (-1 + 4)).
-6
-11 + 6 + 0 + 7
2
What is 2 + (2 - (0 - 0))?
4
-68 - -69 - (2 - 1)
0
Evaluate 1 + 3 + (-1 - 1) - 2.
0
-8 - (-1 - 3 - (-35 - -35))
-4
What is the value of (-9 - -7) + 12 + -9?
1
What is -2 + 0 + 6 + -4 + 3?
3
Evaluate (1 - 8 - 1) + 253 + -251.
-6
What is the value of -2 - 7 - (-5 - 0)?
-4
What is the value of (1 - -1 - 2) + (4 - -2)?
6
(-1 + (1 - 3) - 5) + 3
-5
4 + 0 - -4 - (-24 - -36)
-4
Evaluate 4 + 0 - 3 - 3 - -2.
0
2 - (9 - (3 + 1)) - 4
-7
What is the value of (4 - 6) + (-9 - -16)?
5
What is the value of -1 + 3 + 1 - (3 - 0)?
0
What is (-4 + 1 + 0 - -5) + -3?
-1
What is (-2 - 0) + (0 - -2)?
0
Evaluate 6 + 7 